60.
420
Calculate the highest common factor of 756 and 13076.
28
Calculate the greatest common factor of 4275475 and 19.
19
Calculate the greatest common factor of 29315 and 22.
11
What is the greatest common factor of 69381 and 81?
9
Calculate the highest common divisor of 3165 and 648192.
633
Calculate the highest common factor of 3079 and 13.
1
What is the greatest common factor of 221 and 760162?
13
Calculate the greatest common factor of 520 and 418520.
40
What is the greatest common divisor of 780 and 1861730?
130
Calculate the highest common divisor of 224 and 2569.
7
What is the greatest common factor of 31 and 350?
1
Calculate the highest common divisor of 47 and 332.
1
What is the greatest common factor of 76 and 498028?
76
What is the greatest common divisor of 192 and 48448?
64
Calculate the highest common factor of 804 and 2165172.
804
What is the greatest common factor of 238 and 130186?
238
Calculate the greatest common factor of 4932 and 4104.
36
Calculate the highest common factor of 12997 and 27262.
317
What is the highest common factor of 1536 and 55032?
24
What is the greatest common divisor of 6565 and 141905?
505
Calculate the highest common factor of 83310 and 60.
30
What is the highest common divisor of 1353 and 10947?
123
What is the highest common factor of 242 and 37466?
22
What is the highest common factor of 40 and 63320?
40
Calculate the greatest common divisor of 38784 and 196344.
2424
Calculate the highest common factor of 730 and 184471.
73
Calculate the highest common divisor of 843277 and 95.
19
What is the highest common divisor of 1358673 and 1236?
309
What is the greatest common divisor of 146230 and 350?
70
Calculate the greatest common divisor of 3314582 and 554.
554
Calculate the greatest common factor of 31749 and 3.
3
Calculate the highest common divisor of 37032 and 136.
8
What is the greatest common divisor of 771 and 646869?
771
Calculate the greatest common divisor of 217 and 11501.
217
Calculate the greatest common factor of 369 and 175521.
123
Calculate the highest common divisor of 375 and 113075.
25
Calculate the greatest common divisor of 58512 and 5136.
48
Calculate the greatest common factor of 1331 and 16.
1
Calculate the highest common divisor of 12 and 239896.
4
What is the highest common divisor of 61 and 106933?
61
What is the greatest common divisor of 306115 and 5?
5
What is the greatest common divisor of 6420 and 2364?
12
Calculate the greatest common divisor of 72760 and 7220.
20
Calculate the greatest common divisor of 1292 and 19720.
68
What is the greatest common factor of 69212 and 26?
26
What is the highest common factor of 648538 and 22?
22
What is the greatest common divisor of 176710 and 205?
205
Calculate the greatest common divisor of 695 and 635.
5
What is the highest common divisor of 570297 and 273?
273
What is the highest common factor of 70 and 90755?
35
What is the greatest common divisor of 52476 and 900?
12
What is the greatest common divisor of 6233 and 3749?
23
What is the highest common divisor of 47504 and 80?
16
Calculate the greatest common factor of 102 and 1359354.
102
What is the highest common factor of 3869 and 1007?
53
What is the greatest common divisor of 29565 and 1485?
135
What is the greatest common factor of 630 and 689430?
210
Calculate the highest common factor of 2661 and 30.
3
What is the greatest common factor of 27 and 15201?
27
Calculate the greatest common factor of 768 and 4320.
96
Calculate the highest common divisor of 3348 and 139248.
36
Calculate the highest common factor of 68 and 221714.
34
Calculate the highest common divisor of 12331 and 100111.
209
Calculate the greatest common divisor of 238 and 19432.
14
What is the highest common factor of 667 and 1909?
23
What is the greatest common divisor of 117 and 389727?
117
What is the highest common divisor of 13750 and 48730?
110
Calculate the greatest common factor of 47 and 897888.
47
Calculate the greatest common factor of 5 and 5655.
5
What is the greatest common divisor of 5202 and 83742?
102
Calculate the greatest common factor of 704 and 150304.
352
What is the greatest common factor of 12967750 and 250?
250
Calculate the greatest common divisor of 357 and 952.
119
What is the greatest common factor of 179655 and 16240?
1015
What is the highest common factor of 236408 and 696?
232
Calculate the greatest common divisor of 1676844 and 26.
26
Calculate the highest common factor of 48 and 5101296.
48
What is the highest common divisor of 96 and 916672?
32
What is the greatest common divisor of 942 and 6280?
314
Calculate the highest common divisor of 384 and 125376.
192
What is the greatest common factor of 129682 and 28?
14
What is the greatest common divisor of 154950 and 6950?
50
What is the highest common factor of 352 and 2344?
8
Calculate the highest common factor of 77510 and 92.
46
What is the greatest common factor of 1402545 and 30?
15
What is the highest common factor of 71 and 963541?
71
What is the greatest common factor of 6948 and 4356?
36
Calculate the highest common divisor of 503 and 16147306.
503
Calculate the highest common factor of 6644 and 236.
4
What is the greatest common divisor of 70475 and 50?
25
What is the greatest common divisor of 212 and 6836?
4
Calculate the greatest common factor of 6291 and 108.
27
Calculate the highest common factor of 2166 and 690042.
114
What is the greatest common factor of 212 and 894428?
212
What is the highest common factor of 716625 and 9009?
819
What is the highest common factor of 3948795 and 45?
45
What is the greatest common divisor of 5 and 17187485?
5
Calculate the greatest common divisor of 2250 and 1494.
18
Calculate the highest common factor of 303 and 370569.
303
Calculate the greatest common factor of 6031 and 82991.
37
Calculate the highest common factor of 532458 and 18.
18
What is the greatest common factor of 3329712 and 1368?
1368
What is the greatest common factor of 384 and 10632?
24
Calculate the highest common factor of 104 and 4142008.
104
What is the highest common factor of 639 and 1170?
9
What is the greatest common factor of 433958 and 15568?
1946
What is the greatest common divisor of 186360 and 408?
24
Calculate the highest common divisor of 95715 and 135.
135
Calculate the highest common factor of 340 and 777835.
85
What is the greatest common factor of 101 and 210383?
101
What is the highest common divisor of 114 and 197638?
38
What is the greatest common divisor of 113050 and 28?
14
Calculate the greatest common divisor of 160 and 4832.
32
Calculate the highest common factor of 205776 and 96.
48
Calculate the highest common factor of 270281 and 33.
11
Calculate the highest common divisor of 9170 and 1490.
10
What is the highest common divisor of 574 and 12341?
287
What is the greatest common divisor of 963 and 4203?
9
Calculate the greatest common divisor of 92 and 19458.
46
What is the highest common factor of 15 and 694515?
15
Calculate the greatest common factor of 221 and 4199.
221
What is the highest common factor of 86 and 700986?
86
Calculate the highest common factor of 32859588 and 167.
167
What is the greatest common factor of 440 and 369160?
440
Calculate the greatest common factor of 464952 and 24.
24
What is the highest common factor of 21581 and 21?
7
What is the highest common divisor of 38040 and 165?
15
What is the highest common divisor of 10697 and 684?
19
Calculate the highest common divisor of 141932 and 7124.
548
Calculate the highest common factor of 1100 and 820820.
220
What is the greatest common divisor of 4237 and 1843?
19
What is the highest common divisor of 37446 and 7110?
474
What is the greatest common factor of 229898 and 142?
142
Calculate the highest common divisor of 173030 and 1166.
22
What is the greatest common divisor of 46695 and 33?
33
Calculate the greatest common factor of 7381 and 24705.
61
Calculate the greatest common factor of 15565 and 99.
11
Calculate the greatest common factor of 1839 and 6.
3
Calculate the highest common factor of 617 and 3763083.
617
Calculate the greatest common factor of 2 and 1107720.
2
Calculate the highest common factor of 6 and 90465.
3
What is the greatest common divisor of 2536 and 1585?
317
What is the greate